[INFO] cloning repository https://github.com/Ramdambo/scrollrack
[INFO] running `Command { std: "git" "-c" "credential.helper=" "-c" "credential.helper=/workspace/cargo-home/bin/git-credential-null" "clone" "--bare" "https://github.com/Ramdambo/scrollrack" "/workspace/cache/git-repos/https%3A%2F%2Fgithub.com%2FRamdambo%2Fscrollrack", kill_on_drop: false }`
[INFO] [stderr] Cloning into bare repository '/workspace/cache/git-repos/https%3A%2F%2Fgithub.com%2FRamdambo%2Fscrollrack'...
[INFO] running `Command { std: "git" "rev-parse" "HEAD", kill_on_drop: false }`
[INFO] [stdout] 40f879c71086d9313b5bd8443f3a1ccfdf30b000
[INFO] checking Ramdambo/scrollrack against master#9610dfe5a9a731ced1ea4923ecbd0c57fe367898 for beta-170-4
[INFO] running `Command { std: "git" "clone" "/workspace/cache/git-repos/https%3A%2F%2Fgithub.com%2FRamdambo%2Fscrollrack" "/workspace/builds/worker-5-tc1/source", kill_on_drop: false }`
[INFO] [stderr] Cloning into '/workspace/builds/worker-5-tc1/source'...
[INFO] [stderr] done.
[INFO] validating manifest of git repo https://github.com/Ramdambo/scrollrack on toolchain 9610dfe5a9a731ced1ea4923ecbd0c57fe367898
[INFO] running `Command { std: CARGO_HOME="/workspace/cargo-home" RUSTUP_HOME="/workspace/rustup-home" "/workspace/cargo-home/bin/cargo" "+9610dfe5a9a731ced1ea4923ecbd0c57fe367898" "metadata" "--manifest-path" "Cargo.toml" "--no-deps", kill_on_drop: false }`
[INFO] started tweaking git repo https://github.com/Ramdambo/scrollrack
[INFO] finished tweaking git repo https://github.com/Ramdambo/scrollrack
[INFO] tweaked toml for git repo https://github.com/Ramdambo/scrollrack written to /workspace/builds/worker-5-tc1/source/Cargo.toml
[INFO] crate git repo https://github.com/Ramdambo/scrollrack already has a lockfile, it will not be regenerated
[INFO] running `Command { std: CARGO_HOME="/workspace/cargo-home" RUSTUP_HOME="/workspace/rustup-home" "/workspace/cargo-home/bin/cargo" "+9610dfe5a9a731ced1ea4923ecbd0c57fe367898" "fetch" "--manifest-path" "Cargo.toml", kill_on_drop: false }`
[INFO] [stderr]     Updating crates.io index
[INFO] [stderr]  Downloading crates ...
[INFO] [stderr]   Downloaded smallbox v0.8.1
[INFO] [stderr]   Downloaded dioxus-rsx v0.0.2
[INFO] [stderr]   Downloaded dioxus-core-macro v0.3.0
[INFO] [stderr]   Downloaded dioxus-desktop v0.3.0
[INFO] [stderr]   Downloaded dioxus-hooks v0.3.0
[INFO] [stderr]   Downloaded internment v0.7.0
[INFO] [stderr]   Downloaded dioxus v0.3.1
[INFO] [stderr]   Downloaded bumpslab v0.2.0
[INFO] [stderr]   Downloaded dioxus-html v0.3.0
[INFO] [stderr]   Downloaded scryfall v0.10.3
[INFO] [stderr]   Downloaded dioxus-interpreter-js v0.3.0
[INFO] [stderr]   Downloaded httpstatus v0.1.2
[INFO] [stderr]   Downloaded printpdf v0.5.3
[INFO] [stderr]   Downloaded dioxus-core v0.3.1
[INFO] running `Command { std: "docker" "create" "-v" "/var/lib/crater-agent-workspace/builds/worker-5-tc1/target:/opt/rustwide/target:rw,Z" "-v" "/var/lib/crater-agent-workspace/builds/worker-5-tc1/source:/opt/rustwide/workdir:ro,Z" "-v" "/var/lib/crater-agent-workspace/cargo-home:/opt/rustwide/cargo-home:ro,Z" "-v" "/var/lib/crater-agent-workspace/rustup-home:/opt/rustwide/rustup-home:ro,Z" "-e" "SOURCE_DIR=/opt/rustwide/workdir" "-e" "CARGO_TARGET_DIR=/opt/rustwide/target" "-e" "CARGO_HOME=/opt/rustwide/cargo-home" "-e" "RUSTUP_HOME=/opt/rustwide/rustup-home" "-w" "/opt/rustwide/workdir" "-m" "1610612736" "--user" "0:0" "--network" "none" "ghcr.io/rust-lang/crates-build-env/linux@sha256:5ff2268d62e97bff2cde7d5815dd6ed5b47097566f13b8d0ca110b04b60e07ed" "/opt/rustwide/cargo-home/bin/cargo" "+9610dfe5a9a731ced1ea4923ecbd0c57fe367898" "metadata" "--no-deps" "--format-version=1", kill_on_drop: false }`
[INFO] [stdout] cd643826070358990f3299615cb6722453ac2a3567ddbd2a05653b64bf4206ff
[INFO] running `Command { std: "docker" "start" "-a" "cd643826070358990f3299615cb6722453ac2a3567ddbd2a05653b64bf4206ff", kill_on_drop: false }`
[INFO] running `Command { std: "docker" "inspect" "cd643826070358990f3299615cb6722453ac2a3567ddbd2a05653b64bf4206ff", kill_on_drop: false }`
[INFO] running `Command { std: "docker" "rm" "-f" "cd643826070358990f3299615cb6722453ac2a3567ddbd2a05653b64bf4206ff", kill_on_drop: false }`
[INFO] [stdout] cd643826070358990f3299615cb6722453ac2a3567ddbd2a05653b64bf4206ff
[INFO] running `Command { std: "docker" "create" "-v" "/var/lib/crater-agent-workspace/builds/worker-5-tc1/target:/opt/rustwide/target:rw,Z" "-v" "/var/lib/crater-agent-workspace/builds/worker-5-tc1/source:/opt/rustwide/workdir:ro,Z" "-v" "/var/lib/crater-agent-workspace/cargo-home:/opt/rustwide/cargo-home:ro,Z" "-v" "/var/lib/crater-agent-workspace/rustup-home:/opt/rustwide/rustup-home:ro,Z" "-e" "SOURCE_DIR=/opt/rustwide/workdir" "-e" "CARGO_TARGET_DIR=/opt/rustwide/target" "-e" "CARGO_INCREMENTAL=0" "-e" "RUST_BACKTRACE=full" "-e" "RUSTFLAGS=--cap-lints=forbid" "-e" "RUSTDOCFLAGS=--cap-lints=forbid" "-e" "CARGO_HOME=/opt/rustwide/cargo-home" "-e" "RUSTUP_HOME=/opt/rustwide/rustup-home" "-w" "/opt/rustwide/workdir" "-m" "1610612736" "--user" "0:0" "--network" "none" "ghcr.io/rust-lang/crates-build-env/linux@sha256:5ff2268d62e97bff2cde7d5815dd6ed5b47097566f13b8d0ca110b04b60e07ed" "/opt/rustwide/cargo-home/bin/cargo" "+9610dfe5a9a731ced1ea4923ecbd0c57fe367898" "check" "--frozen" "--all" "--all-targets" "--message-format=json", kill_on_drop: false }`
[INFO] [stdout] 2cab843f0d23aad72037a994a8a17a01d41236d2a5bb5ab7484fa228dbe86391
[INFO] running `Command { std: "docker" "start" "-a" "2cab843f0d23aad72037a994a8a17a01d41236d2a5bb5ab7484fa228dbe86391", kill_on_drop: false }`
[INFO] [stderr]    Compiling proc-macro2 v1.0.51
[INFO] [stderr]    Compiling quote v1.0.23
[INFO] [stderr]    Compiling unicode-ident v1.0.6
[INFO] [stderr]    Compiling syn v1.0.107
[INFO] [stderr]    Compiling serde_derive v1.0.152
[INFO] [stderr]    Compiling serde v1.0.152
[INFO] [stderr]    Compiling libc v0.2.139
[INFO] [stderr]    Compiling smallvec v1.10.0
[INFO] [stderr]    Compiling pkg-config v0.3.26
[INFO] [stderr]    Compiling version_check v0.9.4
[INFO] [stderr]    Compiling heck v0.4.1
[INFO] [stderr]    Compiling cfg-expr v0.11.0
[INFO] [stderr]    Compiling version-compare v0.1.1
[INFO] [stderr]     Checking once_cell v1.17.0
[INFO] [stderr]    Compiling futures-core v0.3.26
[INFO] [stderr]    Compiling indexmap v1.9.2
[INFO] [stderr]    Compiling ahash v0.7.6
[INFO] [stderr]    Compiling memchr v2.5.0
[INFO] [stderr]    Compiling cfg-if v1.0.0
[INFO] [stderr]    Compiling thiserror v1.0.38
[INFO] [stderr]    Compiling futures-task v0.3.26
[INFO] [stderr]    Compiling futures-util v0.3.26
[INFO] [stderr]     Checking pin-project-lite v0.2.9
[INFO] [stderr]    Compiling futures-channel v0.3.26
[INFO] [stderr]    Compiling log v0.4.17
[INFO] [stderr]    Compiling proc-macro-error-attr v1.0.4
[INFO] [stderr]     Checking bitflags v1.3.2
[INFO] [stderr]    Compiling anyhow v1.0.69
[INFO] [stderr]    Compiling proc-macro-error v1.0.4
[INFO] [stderr]     Checking getrandom v0.2.8
[INFO] [stderr]    Compiling cc v1.0.79
[INFO] [stderr]     Checking scopeguard v1.1.0
[INFO] [stderr]    Compiling toml_datetime v0.5.1
[INFO] [stderr]    Compiling crossbeam-utils v0.8.14
[INFO] [stderr]    Compiling nom8 v0.2.0
[INFO] [stderr]    Compiling lock_api v0.4.9
[INFO] [stderr]    Compiling unicode-segmentation v1.10.1
[INFO] [stderr]    Compiling cfg-expr v0.9.1
[INFO] [stderr]    Compiling hashbrown v0.12.3
[INFO] [stderr]    Compiling num-traits v0.2.15
[INFO] [stderr]    Compiling version-compare v0.0.11
[INFO] [stderr]    Compiling heck v0.3.3
[INFO] [stderr]    Compiling crc32fast v1.3.2
[INFO] [stderr]    Compiling parking_lot_core v0.9.7
[INFO] [stderr]     Checking adler v1.0.2
[INFO] [stderr]     Checking miniz_oxide v0.6.2
[INFO] [stderr]    Compiling ring v0.16.20
[INFO] [stderr]     Checking futures-io v0.3.26
[INFO] [stderr]     Checking tinyvec_macros v0.1.1
[INFO] [stderr]     Checking tinyvec v1.6.0
[INFO] [stderr]     Checking flate2 v1.0.25
[INFO] [stderr]    Compiling standback v0.2.17
[INFO] [stderr]     Checking encoding_index_tests v0.1.4
[INFO] [stderr]    Compiling ucd-trie v0.1.5
[INFO] [stderr]     Checking percent-encoding v2.2.0
[INFO] [stderr]     Checking form_urlencoded v1.1.0
[INFO] [stderr]     Checking unicode-bidi v0.3.10
[INFO] [stderr]     Checking untrusted v0.7.1
[INFO] [stderr]     Checking spin v0.5.2
[INFO] [stderr]    Compiling proc-macro-hack v0.5.20+deprecated
[INFO] [stderr]    Compiling memoffset v0.7.1
[INFO] [stderr]     Checking itoa v1.0.5
[INFO] [stderr]     Checking unicode-normalization v0.1.22
[INFO] [stderr]    Compiling gio v0.15.12
[INFO] [stderr]    Compiling toml_edit v0.18.1
[INFO] [stderr]     Checking crossbeam-channel v0.5.6
[INFO] [stderr]    Compiling crossbeam-epoch v0.9.13
[INFO] [stderr]     Checking ryu v1.0.12
[INFO] [stderr]     Checking idna v0.3.0
[INFO] [stderr]    Compiling const_fn v0.4.9
[INFO] [stderr]    Compiling serde_json v1.0.93
[INFO] [stderr]     Checking num_cpus v1.15.0
[INFO] [stderr]    Compiling time v0.2.27
[INFO] [stderr]    Compiling memoffset v0.6.5
[INFO] [stderr]    Compiling num-integer v0.1.45
[INFO] [stderr]    Compiling ident_case v1.0.1
[INFO] [stderr]    Compiling rustls v0.20.8
[INFO] [stderr]    Compiling fnv v1.0.7
[INFO] [stderr]    Compiling darling_core v0.14.3
[INFO] [stderr]     Checking encoding-index-singlebyte v1.20141219.5
[INFO] [stderr]     Checking encoding-index-tradchinese v1.20141219.5
[INFO] [stderr]    Compiling proc-macro-crate v1.3.0
[INFO] [stderr]     Checking encoding-index-simpchinese v1.20141219.5
[INFO] [stderr]     Checking encoding-index-korean v1.20141219.5
[INFO] [stderr]     Checking encoding-index-japanese v1.20141219.5
[INFO] [stderr]     Checking either v1.8.1
[INFO] [stderr]     Checking webpki v0.22.0
[INFO] [stderr]     Checking sct v0.7.0
[INFO] [stderr]    Compiling semver v1.0.16
[INFO] [stderr]    Compiling rayon-core v1.10.2
[INFO] [stderr]     Checking bumpalo v3.12.0
[INFO] [stderr]     Checking parking_lot v0.12.1
[INFO] [stderr]     Checking webpki-roots v0.22.6
[INFO] [stderr]     Checking encoding v0.2.33
[INFO] [stderr]     Checking crossbeam-deque v0.8.2
[INFO] [stderr]     Checking bumpslab v0.2.0
[INFO] [stderr]     Checking time v0.1.45
[INFO] [stderr]    Compiling gtk v0.15.5
[INFO] [stderr]    Compiling x11 v2.21.0
[INFO] [stderr]     Checking iana-time-zone v0.1.53
[INFO] [stderr]     Checking pom v3.2.0
[INFO] [stderr]     Checking smallbox v0.8.1
[INFO] [stderr]     Checking base64 v0.13.1
[INFO] [stderr]     Checking itoa v0.4.8
[INFO] [stderr]     Checking weezl v0.1.7
[INFO] [stderr]     Checking ttf-parser v0.12.3
[INFO] [stderr]     Checking rustc-hash v1.1.0
[INFO] [stderr]     Checking linked-hash-map v0.5.6
[INFO] [stderr]     Checking dtoa v0.4.8
[INFO] [stderr]     Checking longest-increasing-subsequence v0.1.0
[INFO] [stderr]     Checking itertools v0.10.5
[INFO] [stderr]     Checking aho-corasick v0.7.20
[INFO] [stderr]     Checking owned_ttf_parser v0.12.1
[INFO] [stderr]    Compiling slab v0.4.7
[INFO] [stderr]    Compiling x11-dl v2.21.0
[INFO] [stderr]    Compiling thiserror-impl v1.0.38
[INFO] [stderr]    Compiling futures-macro v0.3.26
[INFO] [stderr]    Compiling glib-macros v0.15.11
[INFO] [stderr]    Compiling time-macros-impl v0.1.2
[INFO] [stderr]    Compiling gtk3-macros v0.15.4
[INFO] [stderr]    Compiling darling_macro v0.14.3
[INFO] [stderr]     Checking fastrand v1.9.0
[INFO] [stderr]     Checking event-listener v2.5.3
[INFO] [stderr]     Checking regex-syntax v0.6.28
[INFO] [stderr]     Checking time-macros v0.1.1
[INFO] [stderr]    Compiling darling v0.14.3
[INFO] [stderr]    Compiling pin-utils v0.1.0
[INFO] [stderr]     Checking static_assertions v1.1.0
[INFO] [stderr]    Compiling async-trait v0.1.64
[INFO] [stderr]     Checking lopdf v0.27.0
[INFO] [stderr]    Compiling pest v2.5.5
[INFO] [stderr]    Compiling enumset_derive v0.6.1
[INFO] [stderr]     Checking futures-executor v0.3.26
[INFO] [stderr]     Checking regex v1.7.1
[INFO] [stderr]     Checking futures-lite v1.12.0
[INFO] [stderr]     Checking printpdf v0.5.3
[INFO] [stderr]     Checking rayon v1.6.1
[INFO] [stderr]    Compiling rustc_version v0.4.0
[INFO] [stderr]    Compiling semver-parser v0.10.2
[INFO] [stderr]     Checking ordered-float v2.10.0
[INFO] [stderr]    Compiling tao v0.15.8
[INFO] [stderr]     Checking concurrent-queue v2.1.0
[INFO] [stderr]    Compiling semver v0.11.0
[INFO] [stderr]     Checking cty v0.2.2
[INFO] [stderr]     Checking async-channel v1.8.0
[INFO] [stderr]     Checking raw-window-handle v0.5.0
[INFO] [stderr]    Compiling interprocess v1.2.1
[INFO] [stderr]    Compiling internment v0.7.0
[INFO] [stderr]    Compiling rustc_version v0.3.3
[INFO] [stderr]     Checking async-lock v2.6.0
[INFO] [stderr]     Checking enumset v1.0.12
[INFO] [stderr]    Compiling field-offset v0.3.4
[INFO] [stderr]    Compiling serde_repr v0.1.10
[INFO] [stderr]     Checking png v0.17.7
[INFO] [stderr]     Checking dirs-sys v0.3.7
[INFO] [stderr]     Checking instant v0.1.12
[INFO] [stderr]    Compiling tokio v1.25.0
[INFO] [stderr]     Checking byteorder v1.4.3
[INFO] [stderr]     Checking async-task v4.3.0
[INFO] [stderr]     Checking atomic-waker v1.1.0
[INFO] [stderr]     Checking bytes v1.4.0
[INFO] [stderr]    Compiling wry v0.23.4
[INFO] [stderr]     Checking blocking v1.3.0
[INFO] [stderr]     Checking dirs v4.0.0
[INFO] [stderr]    Compiling tokio-macros v1.8.2
[INFO] [stderr]     Checking http v0.2.8
[INFO] [stderr]     Checking spinning v0.1.0
[INFO] [stderr]     Checking intmap v0.7.1
[INFO] [stderr]     Checking os_str_bytes v6.4.1
[INFO] [stderr]     Checking to_method v1.1.0
[INFO] [stderr]     Checking clap_lex v0.2.4
[INFO] [stderr]    Compiling clap_derive v3.2.18
[INFO] [stderr]     Checking atty v0.2.14
[INFO] [stderr]     Checking dunce v1.0.3
[INFO] [stderr]     Checking textwrap v0.16.0
[INFO] [stderr]     Checking dioxus-interpreter-js v0.3.0
[INFO] [stderr]     Checking strsim v0.10.0
[INFO] [stderr]     Checking termcolor v1.2.0
[INFO] [stderr]     Checking uuid v1.3.0
[INFO] [stderr]     Checking url v2.3.1
[INFO] [stderr]     Checking serde_urlencoded v0.7.1
[INFO] [stderr]     Checking dioxus-core v0.3.1
[INFO] [stderr]     Checking ureq v2.6.2
[INFO] [stderr]     Checking httpstatus v0.1.2
[INFO] [stderr]    Compiling toml v0.5.11
[INFO] [stderr]     Checking chrono v0.4.23
[INFO] [stderr]     Checking serde-value v0.7.0
[INFO] [stderr]     Checking euclid v0.22.7
[INFO] [stderr]     Checking keyboard-types v0.6.2
[INFO] [stderr]    Compiling system-deps v6.0.3
[INFO] [stderr]    Compiling system-deps v5.0.0
[INFO] [stderr]     Checking scryfall v0.10.3
[INFO] [stderr]    Compiling dioxus-rsx v0.0.2
[INFO] [stderr]     Checking cfb v0.7.3
[INFO] [stderr]    Compiling glib-sys v0.15.10
[INFO] [stderr]    Compiling gobject-sys v0.15.10
[INFO] [stderr]    Compiling gio-sys v0.15.10
[INFO] [stderr]    Compiling gdk-sys v0.15.1
[INFO] [stderr]    Compiling atk-sys v0.15.1
[INFO] [stderr]    Compiling gdk-pixbuf-sys v0.15.10
[INFO] [stderr]    Compiling pango-sys v0.15.10
[INFO] [stderr]    Compiling cairo-sys-rs v0.15.1
[INFO] [stderr]    Compiling gtk-sys v0.15.3
[INFO] [stderr]     Checking glib v0.15.12
[INFO] [stderr]    Compiling soup2-sys v0.2.0
[INFO] [stderr]    Compiling javascriptcore-rs-sys v0.4.0
[INFO] [stderr]    Compiling webkit2gtk-sys v0.18.0
[INFO] [stderr]    Compiling gdkx11-sys v0.15.1
[INFO] [stderr]     Checking scrollrack-core v0.4.0 (/opt/rustwide/workdir/scrollrack-core)
[INFO] [stderr]     Checking dioxus-html v0.3.0
[INFO] [stderr]    Compiling dioxus-core-macro v0.3.0
[INFO] [stderr]     Checking infer v0.11.0
[INFO] [stderr]     Checking dioxus-hooks v0.3.0
[INFO] [stderr]     Checking webbrowser v0.8.7
[INFO] [stderr]     Checking clap v3.2.23
[INFO] [stdout] error[E0599]: `Vec<cardinfo::CardInfo>` is not an iterator
[INFO] [stdout]   --> scrollrack-core/src/parse.rs:53:53
[INFO] [stdout]    |
[INFO] [stdout] 53 |         let parsed = parse_card_infos(lines.iter()).collect::<Vec<_>>();
[INFO] [stdout]    |                                                     ^^^^^^^ `Vec<cardinfo::CardInfo>` is not an iterator; try calling `.into_iter()` or `.iter()`
[INFO] [stdout]   --> /rustc/9610dfe5a9a731ced1ea4923ecbd0c57fe367898/library/alloc/src/vec/mod.rs:396:1
[INFO] [stdout]    |
[INFO] [stdout]    = note: doesn't satisfy `Vec<cardinfo::CardInfo>: Iterator`
[INFO] [stdout]    |
[INFO] [stdout]    = note: the following trait bounds were not satisfied:
[INFO] [stdout]            `Vec<cardinfo::CardInfo>: Iterator`
[INFO] [stdout]            which is required by `&mut Vec<cardinfo::CardInfo>: Iterator`
[INFO] [stdout]            `[cardinfo::CardInfo]: Iterator`
[INFO] [stdout]            which is required by `&mut [cardinfo::CardInfo]: Iterator`
[INFO] [stdout] 
[INFO] [stdout] 
[INFO] [stdout] error[E0599]: `Vec<cardinfo::CardInfo>` is not an iterator
[INFO] [stdout]   --> scrollrack-core/src/parse.rs:61:53
[INFO] [stdout]    |
[INFO] [stdout] 61 |         let parsed = parse_card_infos(lines.iter()).collect::<Vec<_>>();
[INFO] [stdout]    |                                                     ^^^^^^^ `Vec<cardinfo::CardInfo>` is not an iterator; try calling `.into_iter()` or `.iter()`
[INFO] [stdout]   --> /rustc/9610dfe5a9a731ced1ea4923ecbd0c57fe367898/library/alloc/src/vec/mod.rs:396:1
[INFO] [stdout]    |
[INFO] [stdout]    = note: doesn't satisfy `Vec<cardinfo::CardInfo>: Iterator`
[INFO] [stdout]    |
[INFO] [stdout]    = note: the following trait bounds were not satisfied:
[INFO] [stdout]            `Vec<cardinfo::CardInfo>: Iterator`
[INFO] [stdout]            which is required by `&mut Vec<cardinfo::CardInfo>: Iterator`
[INFO] [stdout]            `[cardinfo::CardInfo]: Iterator`
[INFO] [stdout]            which is required by `&mut [cardinfo::CardInfo]: Iterator`
[INFO] [stdout] 
[INFO] [stdout] 
[INFO] [stdout] error[E0599]: `Vec<cardinfo::CardInfo>` is not an iterator
[INFO] [stdout]   --> scrollrack-core/src/parse.rs:69:53
[INFO] [stdout]    |
[INFO] [stdout] 69 |         let parsed = parse_card_infos(lines.iter()).collect::<Vec<_>>();
[INFO] [stdout]    |                                                     ^^^^^^^ `Vec<cardinfo::CardInfo>` is not an iterator; try calling `.into_iter()` or `.iter()`
[INFO] [stdout]   --> /rustc/9610dfe5a9a731ced1ea4923ecbd0c57fe367898/library/alloc/src/vec/mod.rs:396:1
[INFO] [stdout]    |
[INFO] [stdout]    = note: doesn't satisfy `Vec<cardinfo::CardInfo>: Iterator`
[INFO] [stdout]    |
[INFO] [stdout]    = note: the following trait bounds were not satisfied:
[INFO] [stdout]            `Vec<cardinfo::CardInfo>: Iterator`
[INFO] [stdout]            which is required by `&mut Vec<cardinfo::CardInfo>: Iterator`
[INFO] [stdout]            `[cardinfo::CardInfo]: Iterator`
[INFO] [stdout]            which is required by `&mut [cardinfo::CardInfo]: Iterator`
[INFO] [stdout] 
[INFO] [stdout] 
[INFO] [stdout] error: aborting due to 3 previous errors
[INFO] [stdout] 
[INFO] [stdout] 
[INFO] [stdout] For more information about this error, try `rustc --explain E0599`.
[INFO] [stdout] 
[INFO] [stderr] error: could not compile `scrollrack-core` (lib test) due to 4 previous errors
[INFO] [stderr] warning: build failed, waiting for other jobs to finish...
[INFO] running `Command { std: "docker" "inspect" "2cab843f0d23aad72037a994a8a17a01d41236d2a5bb5ab7484fa228dbe86391", kill_on_drop: false }`
[INFO] running `Command { std: "docker" "rm" "-f" "2cab843f0d23aad72037a994a8a17a01d41236d2a5bb5ab7484fa228dbe86391", kill_on_drop: false }`
[INFO] [stdout] 2cab843f0d23aad72037a994a8a17a01d41236d2a5bb5ab7484fa228dbe86391
